{"id":10,"date":"2007-02-21T13:29:25","date_gmt":"2007-02-21T11:29:25","guid":{"rendered":"http:\/\/www.maison-rhenanie-palatinat.org\/web\/?page_id=4"},"modified":"2022-10-10T18:12:47","modified_gmt":"2022-10-10T16:12:47","slug":"acces","status":"publish","type":"page","link":"https:\/\/www.maison-rhenanie-palatinat.org\/demos\/about-2\/acces\/","title":{"rendered":"Acc\u00e8s"},"content":{"rendered":"<style>#kt-layout-id_7606bd-4c > .kt-row-column-wrap{align-content:start;}:where(#kt-layout-id_7606bd-4c > .kt-row-column-wrap) > .wp-block-kadence-column{justify-content:start;}#kt-layout-id_7606bd-4c > .kt-row-column-wrap{column-gap:var(--global-kb-gap-md, 2rem);row-gap:var(--global-kb-gap-md, 2rem);padding-top:var( --global-kb-row-default-top, 25px );padding-bottom:var( --global-kb-row-default-bottom, 25px );padding-top:var(--global-kb-spacing-sm, 1.5rem);padding-bottom:var(--global-kb-spacing-sm, 1.5rem);grid-template-columns:minmax(0, 1fr);}#kt-layout-id_7606bd-4c > .kt-row-layout-overlay{opacity:0.30;}@media all and (max-width: 1024px){#kt-layout-id_7606bd-4c > .kt-row-column-wrap{grid-template-columns:minmax(0, 1fr);}}@media all and (max-width: 767px){#kt-layout-id_7606bd-4c > .kt-row-column-wrap{grid-template-columns:minmax(0, 1fr);}}<\/style>\n<div class=\"wp-block-kadence-rowlayout alignnone\"><div id=\"kt-layout-id_7606bd-4c\" class=\"kt-row-layout-inner kt-layout-id_7606bd-4c\"><div class=\"kt-row-column-wrap kt-has-1-columns kt-gutter-default kt-v-gutter-default kt-row-valign-top kt-row-layout-equal kt-tab-layout-inherit kt-m-colapse-left-to-right kt-mobile-layout-row\"><style>.kadence-column_c984f4-94 > .kt-inside-inner-col{border-top-width:0px;border-right-width:0px;border-bottom-width:0px;border-left-width:0px;}.kadence-column_c984f4-94 > .kt-inside-inner-col,.kadence-column_c984f4-94 > .kt-inside-inner-col:before{border-top-left-radius:0px;border-top-right-radius:0px;border-bottom-right-radius:0px;border-bottom-left-radius:0px;}.kadence-column_c984f4-94 > .kt-inside-inner-col{column-gap:var(--global-kb-gap-sm, 1rem);}.kadence-column_c984f4-94 > .kt-inside-inner-col{flex-direction:column;}.kadence-column_c984f4-94 > .kt-inside-inner-col > .aligncenter{width:100%;}.kadence-column_c984f4-94 > .kt-inside-inner-col:before{opacity:0.3;}.kadence-column_c984f4-94{position:relative;}@media all and (max-width: 1024px){.kadence-column_c984f4-94 > .kt-inside-inner-col{flex-direction:column;}}@media all and (max-width: 767px){.kadence-column_c984f4-94 > .kt-inside-inner-col{flex-direction:column;}}<\/style>\n<div class=\"wp-block-kadence-column inner-column-1 kadence-column_c984f4-94\"><div class=\"kt-inside-inner-col\"><style>.kt-tabs-id_f8e225-7c > .kt-tabs-content-wrap > .wp-block-kadence-tab{border-top-width:3px;border-right-width:0px;border-bottom-width:0px;border-left-width:0px;border-color:#0a6689;border-top-left-radius:0px;border-top-right-radius:0px;border-bottom-right-radius:0px;border-bottom-left-radius:0px;padding-top:var(--global-kb-spacing-sm, 1.5rem);padding-right:var(--global-kb-spacing-sm, 1.5rem);padding-bottom:var(--global-kb-spacing-sm, 1.5rem);padding-left:var(--global-kb-spacing-sm, 1.5rem);background:#ffffff;}.wp-block-kadence-tabs .kt-tabs-id_f8e225-7c > .kt-tabs-title-list li{margin-top:0px;margin-right:8px;margin-bottom:0px;margin-left:0px;}.wp-block-kadence-tabs .kt-tabs-id_f8e225-7c > .kt-tabs-title-list li:last-child{margin-right:0px;}.wp-block-kadence-tabs .kt-tabs-id_f8e225-7c > .kt-tabs-title-list li .kt-tab-title, .wp-block-kadence-tabs .kt-tabs-id_f8e225-7c > .kt-tabs-content-wrap > .kt-tabs-accordion-title .kt-tab-title{font-size:1.1em;line-height:1.4em;font-weight:regular;font-style:normal;border-top-width:0px;border-right-width:0px;border-bottom-width:0px;border-left-width:0px;border-top-left-radius:4px;border-top-right-radius:4px;border-bottom-right-radius:0px;border-bottom-left-radius:0px;padding-top:8px;padding-right:20px;padding-bottom:8px;padding-left:20px;border-color:#eeeeee;color:#222222;background:#eeeeee;}.wp-block-kadence-tabs .kt-tabs-id_f8e225-7c > .kt-tabs-content-wrap > .kt-tabs-accordion-title .kt-tab-title{margin-top:0px;margin-right:8px;margin-bottom:0px;margin-left:0px;}.wp-block-kadence-tabs .kt-tabs-id_f8e225-7c > .kt-tabs-title-list li .kt-tab-title:hover, .wp-block-kadence-tabs .kt-tabs-id_f8e225-7c > .kt-tabs-content-wrap > .kt-tabs-accordion-title .kt-tab-title:hover{border-color:#eeeeee;color:#222222;background:#e2e2e2;}.wp-block-kadence-tabs .kt-tabs-id_f8e225-7c > .kt-tabs-title-list li.kt-tab-title-active .kt-tab-title, .wp-block-kadence-tabs .kt-tabs-id_f8e225-7c > .kt-tabs-content-wrap > .kt-tabs-accordion-title.kt-tab-title-active .kt-tab-title{border-color:#eeeeee;color:#ffffff;background:#0a6689;}<\/style>\n<div class=\"wp-block-kadence-tabs alignnone\"><div class=\"kt-tabs-wrap kt-tabs-id_f8e225-7c kt-tabs-has-2-tabs kt-active-tab-2 kt-tabs-layout-tabs kt-tabs-tablet-layout-inherit kt-tabs-mobile-layout-inherit kt-tab-alignment-left \" style=\"max-width:none\"><ul class=\"kt-tabs-title-list\"><li id=\"tab-francais\" class=\"kt-title-item kt-title-item-1 kt-tabs-svg-show-always kt-tabs-icon-side-right kt-tab-title-inactive\"><a href=\"#tab-francais\" data-tab=\"1\" class=\"kt-tab-title kt-tab-title-1 \"><span class=\"kt-title-text\">Francais<\/span><\/a><\/li><li id=\"tab-deutsch\" class=\"kt-title-item kt-title-item-2 kt-tabs-svg-show-always kt-tabs-icon-side-right kt-tab-title-active\"><a href=\"#tab-deutsch\" data-tab=\"2\" class=\"kt-tab-title kt-tab-title-2 \"><span class=\"kt-title-text\">Deutsch<\/span><\/a><\/li><\/ul><div class=\"kt-tabs-content-wrap\">\n<div class=\"wp-block-kadence-tab kt-tab-inner-content kt-inner-tab-1 kt-inner-tab_e5b6e5-20\"><div class=\"kt-tab-inner-content-inner\">\n<p><strong>Maison de Rh\u00e9nanie-Palatinat <\/strong><\/p>\n\n\n\n<p>29 rue Buffon, 21000 Dijon T\u00e9l+33 (0)3 80 68 07 00<\/p>\n\n\n\n<figure class=\"wp-block-image\"><img decoding=\"async\" src=\"http:\/\/www.maison-rhenanie-palatinat.org\/wp-content\/uploads\/2007\/02\/map.gif\" alt=\"map.gif\"\/><\/figure>\n\n\n\n<p><strong>Par le bus :<\/strong><br \/>&#8211; lignes 6, 11 et City : arr\u00eat \u00ab\u00a0Biblioth\u00e8que\u00a0\u00bb<br \/>&#8211; lignes 5, 6, 11 et 12 : Place Wilson<\/p>\n\n\n\n<p><strong>En voiture :<\/strong> Places de parking payantes dans la rue Buffon. Places de parking gratuites Boulevard Carnot.<\/p>\n\n\n\n<p>La Maison de Rh\u00e9nanie-Palatinat se situe dans le centre historique de Dijon, au rez-de-chauss\u00e9e de l&rsquo;h\u00f4tel particulier Grasset. Elle poss\u00e8de trois&nbsp; salles de cours, une biblioth\u00e8que, une salle de r\u00e9ception pouvant r\u00e9unir une centaine de personnes et des bureaux.<strong>Haus&nbsp;Rheinland-Pfalz <\/strong><\/p>\n<\/div><\/div>\n\n\n\n<div class=\"wp-block-kadence-tab kt-tab-inner-content kt-inner-tab-2 kt-inner-tab_ab0717-f5\"><div class=\"kt-tab-inner-content-inner\">\n<p><strong>Maison de Rh\u00e9nanie-Palatinat <\/strong><\/p>\n\n\n\n<p>29 rue Buffon, 21000 Dijon T\u00e9l+33 (0)3 80 68 07 00<\/p>\n\n\n\n<figure class=\"wp-block-image\"><img decoding=\"async\" src=\"http:\/\/www.maison-rhenanie-palatinat.org\/wp-content\/uploads\/2007\/02\/map.gif\" alt=\"map.gif\"\/><\/figure>\n\n\n\n<p><strong>Bus:<\/strong><br \/>&#8211; Linien 6, 11 und City: Haltestelle \u00ab\u00a0Biblioth\u00e8que\u00a0\u00bb<br \/>&#8211; Linien 5, 6, 11 und 12: Place Wilson<\/p>\n\n\n\n<p><strong>Mit dem Auto:<\/strong> In der Rue Buffon stehen geb\u00fchrenpflichtige Parkpl\u00e4tze zur Verf\u00fcgung. Im Boulevard Carnot stehen kostenlose Parkpl\u00e4tze zur Verf\u00fcgung Die Maison de Rh\u00e9nanie-Palatinat &#8211; das Haus Rheinland-Pfalz &#8211; finden Sie im historischen Zentrum der Stadt Dijon in der Rue Buffon Nr. 29, dem Stadtpalais Hotel Grasset&nbsp; im Erdgeschoss. Das Haus Rheinland-Pfalz verf\u00fcgt \u00fcber drei Kurss\u00e4le mit medialer Ausstattung, eine deutschsprachige Bibliothek mit u.a. deutschen Tages-und Wochenzeitungen,&nbsp; eine Empfangs- bzw. Veranstaltungshalle, die bis zu 100 Personen fasst sowie B\u00fcror\u00e4ume.<\/p>\n<\/div><\/div>\n<\/div><\/div><\/div>\n<\/div><\/div>\n<\/div><\/div><\/div>\n","protected":false},"excerpt":{"rendered":"<p><!-- wp:kadence\/rowlayout {\"uniqueID\":\"_7606bd-4c\",\"columns\":1,\"colLayout\":\"equal\"} --><\/p>\n<div class=\"wp-block-kadence-rowlayout alignnone\">\n<div id=\"kt-layout-id_7606bd-4c\" class=\"kt-row-layout-inner kt-layout-id_7606bd-4c\">\n<div class=\"kt-row-column-wr... \n\n","protected":false},"author":1,"featured_media":0,"parent":9,"menu_order":2,"comment_status":"closed","ping_status":"closed","template":"","meta":{"_acf_changed":false,"_piecal_is_event":false,"_piecal_start_date":"","_piecal_end_date":"","_piecal_is_allday":false,"_uag_custom_page_level_css":"","_kad_blocks_custom_css":"","_kad_blocks_head_custom_js":"","_kad_blocks_body_custom_js":"","_kad_blocks_footer_custom_js":"","_kadence_starter_templates_imported_post":false,"_kad_post_transparent":"","_kad_post_title":"","_kad_post_layout":"","_kad_post_sidebar_id":"","_kad_post_content_style":"","_kad_post_vertical_padding":"","_kad_post_feature":"","_kad_post_feature_position":"","_kad_post_header":false,"_kad_post_footer":false,"footnotes":""},"acf":[],"taxonomy_info":[],"featured_image_src_large":false,"author_info":{"display_name":"admin","author_link":"https:\/\/www.maison-rhenanie-palatinat.org\/demos\/author\/admin\/"},"comment_info":0,"uagb_featured_image_src":{"full":false,"thumbnail":false,"medium":false,"medium_large":false,"large":false,"1536x1536":false,"2048x2048":false},"uagb_author_info":{"display_name":"admin","author_link":"https:\/\/www.maison-rhenanie-palatinat.org\/demos\/author\/admin\/"},"uagb_comment_info":0,"uagb_excerpt":null,"_links":{"self":[{"href":"https:\/\/www.maison-rhenanie-palatinat.org\/demos\/wp-json\/wp\/v2\/pages\/10"}],"collection":[{"href":"https:\/\/www.maison-rhenanie-palatinat.org\/demos\/wp-json\/wp\/v2\/pages"}],"about":[{"href":"https:\/\/www.maison-rhenanie-palatinat.org\/demos\/wp-json\/wp\/v2\/types\/page"}],"author":[{"embeddable":true,"href":"https:\/\/www.maison-rhenanie-palatinat.org\/demos\/wp-json\/wp\/v2\/users\/1"}],"replies":[{"embeddable":true,"href":"https:\/\/www.maison-rhenanie-palatinat.org\/demos\/wp-json\/wp\/v2\/comments?post=10"}],"version-history":[{"count":6,"href":"https:\/\/www.maison-rhenanie-palatinat.org\/demos\/wp-json\/wp\/v2\/pages\/10\/revisions"}],"predecessor-version":[{"id":10181,"href":"https:\/\/www.maison-rhenanie-palatinat.org\/demos\/wp-json\/wp\/v2\/pages\/10\/revisions\/10181"}],"up":[{"embeddable":true,"href":"https:\/\/www.maison-rhenanie-palatinat.org\/demos\/wp-json\/wp\/v2\/pages\/9"}],"wp:attachment":[{"href":"https:\/\/www.maison-rhenanie-palatinat.org\/demos\/wp-json\/wp\/v2\/media?parent=10"}],"curies":[{"name":"wp","href":"https:\/\/api.w.org\/{rel}","templated":true}]}}