{"id":6417,"date":"2014-11-06T20:44:46","date_gmt":"2014-11-06T18:44:46","guid":{"rendered":"http:\/\/www.maison-rhenanie-palatinat.org\/?page_id=6417"},"modified":"2022-11-04T09:33:47","modified_gmt":"2022-11-04T07:33:47","slug":"catalogue-en-ligne-opac-version-beta","status":"publish","type":"page","link":"https:\/\/www.maison-rhenanie-palatinat.org\/demos\/bibliotheque\/catalogue-en-ligne-opac-version-beta\/","title":{"rendered":"Catalogue en ligne (OPAC) &#8211; Version Beta"},"content":{"rendered":"<p><strong>Notre Catalogue en ligne (OPAC) vous informe detaill\u00e9 sur les fonds de notre biblioth\u00e8que qui contient plus que 3.000 livres et 460 films. L&rsquo;OPAC vous permet des recherches multi-crit\u00e8res. <\/strong><\/p>\n<p>Utilisez aussi la liste des categories ou les mots-cl\u00e9s de votre choix. (Si vous souhaitez reserver ou prolonger des media nous vous prions de bien vouloir nous contacter par mail, t\u00e9l\u00e9phone ou sur place.)<\/p>\n<p><iframe loading=\"lazy\" src=\"http:\/\/www.maison-rhenanie-palatinat.org\/pmb\/opac_css\/\" name=\"catalogue\" width=\"750\" height=\"2000\" frameborder=\"no\" scrolling=\"auto\" align=\"center\"><\/iframe><\/p>\n\n","protected":false},"excerpt":{"rendered":"<p>Notre Catalogue en ligne (OPAC) vous informe detaill\u00e9 sur les fonds de notre biblioth\u00e8que qui contient plus que 3.000 livres et 460 films. L&rsquo;OPAC vous permet des recherches multi-crit\u00e8res. Utilisez aussi la liste des categories ou les mots-cl\u00e9s de votre choix. (Si vous souhaitez reserver ou prolonger des media nous vous prions de bien vouloir&#8230;<\/p>\n","protected":false},"author":1,"featured_media":0,"parent":29,"menu_order":0,"comment_status":"closed","ping_status":"closed","template":"","meta":{"_acf_changed":false,"_piecal_is_event":false,"_piecal_start_date":"","_piecal_end_date":"","_piecal_is_allday":false,"_uag_custom_page_level_css":"","_kad_blocks_custom_css":"","_kad_blocks_head_custom_js":"","_kad_blocks_body_custom_js":"","_kad_blocks_footer_custom_js":"","_kadence_starter_templates_imported_post":false,"_kad_post_transparent":"","_kad_post_title":"","_kad_post_layout":"","_kad_post_sidebar_id":"","_kad_post_content_style":"","_kad_post_vertical_padding":"","_kad_post_feature":"","_kad_post_feature_position":"","_kad_post_header":false,"_kad_post_footer":false,"footnotes":""},"acf":[],"taxonomy_info":[],"featured_image_src_large":false,"author_info":{"display_name":"admin","author_link":"https:\/\/www.maison-rhenanie-palatinat.org\/demos\/author\/admin\/"},"comment_info":0,"uagb_featured_image_src":{"full":false,"thumbnail":false,"medium":false,"medium_large":false,"large":false,"1536x1536":false,"2048x2048":false},"uagb_author_info":{"display_name":"admin","author_link":"https:\/\/www.maison-rhenanie-palatinat.org\/demos\/author\/admin\/"},"uagb_comment_info":0,"uagb_excerpt":"Notre Catalogue en ligne (OPAC) vous informe detaill\u00e9 sur les fonds de notre biblioth\u00e8que qui contient plus que 3.000 livres et 460 films. L&rsquo;OPAC vous permet des recherches multi-crit\u00e8res. Utilisez aussi la liste des categories ou les mots-cl\u00e9s de votre choix. (Si vous souhaitez reserver ou prolonger des media nous vous prions de bien vouloir...","_links":{"self":[{"href":"https:\/\/www.maison-rhenanie-palatinat.org\/demos\/wp-json\/wp\/v2\/pages\/6417"}],"collection":[{"href":"https:\/\/www.maison-rhenanie-palatinat.org\/demos\/wp-json\/wp\/v2\/pages"}],"about":[{"href":"https:\/\/www.maison-rhenanie-palatinat.org\/demos\/wp-json\/wp\/v2\/types\/page"}],"author":[{"embeddable":true,"href":"https:\/\/www.maison-rhenanie-palatinat.org\/demos\/wp-json\/wp\/v2\/users\/1"}],"replies":[{"embeddable":true,"href":"https:\/\/www.maison-rhenanie-palatinat.org\/demos\/wp-json\/wp\/v2\/comments?post=6417"}],"version-history":[{"count":22,"href":"https:\/\/www.maison-rhenanie-palatinat.org\/demos\/wp-json\/wp\/v2\/pages\/6417\/revisions"}],"predecessor-version":[{"id":26188,"href":"https:\/\/www.maison-rhenanie-palatinat.org\/demos\/wp-json\/wp\/v2\/pages\/6417\/revisions\/26188"}],"up":[{"embeddable":true,"href":"https:\/\/www.maison-rhenanie-palatinat.org\/demos\/wp-json\/wp\/v2\/pages\/29"}],"wp:attachment":[{"href":"https:\/\/www.maison-rhenanie-palatinat.org\/demos\/wp-json\/wp\/v2\/media?parent=6417"}],"curies":[{"name":"wp","href":"https:\/\/api.w.org\/{rel}","templated":true}]}}