{"id":731,"date":"2009-11-16T17:53:16","date_gmt":"2009-11-16T15:53:16","guid":{"rendered":"http:\/\/www.maison-rhenanie-palatinat.org\/?page_id=731"},"modified":"2023-10-03T08:21:45","modified_gmt":"2023-10-03T06:21:45","slug":"cours-pour-jeunes-2","status":"publish","type":"page","link":"https:\/\/www.maison-rhenanie-palatinat.org\/demos\/apprendre-lallemand\/cours-pour-jeunes-2\/","title":{"rendered":"Programmes enfants"},"content":{"rendered":"<p><span style=\"color: #ff8c00;\"><strong>Kindertreff<\/strong><\/span><\/p>\n<p>\u2022 D\u00e9couverte de la langue allemande \u00e0 travers des jeux, des histoires, des chansons&#8230;<br \/>\n\u2022 \u00c0 partir de 6 ans<br \/>\n\u2022 24 rencontres hebdomadaires le mercredi \u00e0 partir du 4 octobre 2017<br \/>\n\u2022 Horaires : 14h00 \u00e0 15h00<br \/>\n\u2022 Tarif : 150 \u20ac<\/p>\n<hr \/>\n<p><span style=\"color: #ff8c00;\"><em><strong>Mach mit beim Kindernachmittag<\/strong><\/em><\/span><\/p>\n<p>\u2022 Pour d\u00e9couvrir l&rsquo;allemand et l&rsquo;Allemagne \u00e0 travers ses f\u00eates et traditions<br \/>\n\u2022 Une initiation aux sons et couleurs des mots, un go\u00fbter typique et une petite chose \u00e0 fabriquer<br \/>\n\u2022 \u00c0 partir de 6 ans<br \/>\n\u2022 4 samedis apr\u00e8s-midis de 14h \u00e0 17h<\/p>\n<p><span style=\"font-family: frutiger;\">1. 18 novembre 2017 : <span style=\"font-size: 12pt;\"><em><strong>\u00c0<\/strong><\/em><em><strong> la d\u00e9couverte de Quint Buchholz<\/strong><\/em> et aussi : \u00ab\u00a0Ich geh mit meiner Laterne\u00a0\u00bb<\/span><\/span><br \/>\n<span style=\"font-family: frutiger;\"> 2. 16 d\u00e9cembre 2017 : <span style=\"font-size: 12pt;\"><strong><em>Weihnachten steht vor der T\u00fcr<\/em><\/strong><\/span><\/span><br \/>\n<span style=\"font-family: frutiger;\"> 3. 3 f\u00e9vrier 2018 : <em><strong>D<\/strong><strong>ie 5 (!) Jahreszeiten<\/strong><\/em><\/span><br \/>\n<span style=\"font-family: frutiger;\"> 4. 24 mars 2018 :&nbsp;<em><strong> Lauter bunte Ostereier<\/strong><\/em><\/span><\/p>\n<p><span style=\"font-family: frutiger;\">\u2022 Tarif : 12 \u20ac par apr\u00e8s-midi \/ 40 \u20ac pour les 4 apr\u00e8s-midis<\/span><br \/>\n<span style=\"font-family: frutiger;\"> \u2022 Inscription obligatoire, nombre de places limit\u00e9<\/span><\/p>\n<hr \/>\n<p>\u00c0 venir en novembre :<\/p>\n<p><em><strong>Der Sammler der Augenblicke<\/strong>, une exposition<\/em><strong><em> de Quint Buchholtz<\/em><\/strong>, une rencontre avec l&rsquo;illustrateur est pr\u00e9vue \u00e0 la m\u00e9diath\u00e8que de Saint-Apollinaire.<\/p>\n<hr \/>\n<p>Le programme pour enfants de la Maison de Rh\u00e9nanie-Palatinat b\u00e9n\u00e9ficie d&rsquo;un soutien financier de l&rsquo;Office franco-allemand pour la Jeunesse.<\/p>\n","protected":false},"excerpt":{"rendered":"<p><span style=\"color: #ff8c00;\"><strong>Kindertreff<\/strong><\/span><\/p>\n<p>\u2022 D\u00e9couverte de la langue allemande \u00e0 travers des jeux, des histoires, des chansons&#8230;<br \/>\n\u2022 \u00c0 partir de 6 ans<br \/>\n\u2022 24 rencontres hebdomadaires le mercredi \u00e0 partir du 4 octobre 2017<br \/>\n\u2022 Horai&#8230;<\/p>\n","protected":false},"author":1,"featured_media":0,"parent":671,"menu_order":3,"comment_status":"closed","ping_status":"closed","template":"","meta":{"_acf_changed":false,"_piecal_is_event":false,"_piecal_start_date":"","_piecal_end_date":"","_piecal_is_allday":false,"_uag_custom_page_level_css":"","_kad_blocks_custom_css":"","_kad_blocks_head_custom_js":"","_kad_blocks_body_custom_js":"","_kad_blocks_footer_custom_js":"","_kadence_starter_templates_imported_post":false,"_kad_post_transparent":"","_kad_post_title":"","_kad_post_layout":"right","_kad_post_sidebar_id":"","_kad_post_content_style":"","_kad_post_vertical_padding":"","_kad_post_feature":"","_kad_post_feature_position":"","_kad_post_header":false,"_kad_post_footer":false,"footnotes":""},"acf":[],"taxonomy_info":[],"featured_image_src_large":false,"author_info":{"display_name":"admin","author_link":"https:\/\/www.maison-rhenanie-palatinat.org\/demos\/author\/admin\/"},"comment_info":0,"uagb_featured_image_src":{"full":false,"thumbnail":false,"medium":false,"medium_large":false,"large":false,"1536x1536":false,"2048x2048":false},"uagb_author_info":{"display_name":"admin","author_link":"https:\/\/www.maison-rhenanie-palatinat.org\/demos\/author\/admin\/"},"uagb_comment_info":0,"uagb_excerpt":"Kindertreff \u2022 D\u00e9couverte de la langue allemande \u00e0 travers des jeux, des histoires, des chansons... \u2022 \u00c0 partir de 6 ans \u2022 24 rencontres hebdomadaires le mercredi \u00e0 partir du 4 octobre 2017 \u2022 Horai...","_links":{"self":[{"href":"https:\/\/www.maison-rhenanie-palatinat.org\/demos\/wp-json\/wp\/v2\/pages\/731"}],"collection":[{"href":"https:\/\/www.maison-rhenanie-palatinat.org\/demos\/wp-json\/wp\/v2\/pages"}],"about":[{"href":"https:\/\/www.maison-rhenanie-palatinat.org\/demos\/wp-json\/wp\/v2\/types\/page"}],"author":[{"embeddable":true,"href":"https:\/\/www.maison-rhenanie-palatinat.org\/demos\/wp-json\/wp\/v2\/users\/1"}],"replies":[{"embeddable":true,"href":"https:\/\/www.maison-rhenanie-palatinat.org\/demos\/wp-json\/wp\/v2\/comments?post=731"}],"version-history":[{"count":37,"href":"https:\/\/www.maison-rhenanie-palatinat.org\/demos\/wp-json\/wp\/v2\/pages\/731\/revisions"}],"predecessor-version":[{"id":26955,"href":"https:\/\/www.maison-rhenanie-palatinat.org\/demos\/wp-json\/wp\/v2\/pages\/731\/revisions\/26955"}],"up":[{"embeddable":true,"href":"https:\/\/www.maison-rhenanie-palatinat.org\/demos\/wp-json\/wp\/v2\/pages\/671"}],"wp:attachment":[{"href":"https:\/\/www.maison-rhenanie-palatinat.org\/demos\/wp-json\/wp\/v2\/media?parent=731"}],"curies":[{"name":"wp","href":"https:\/\/api.w.org\/{rel}","templated":true}]}}