{"id":759,"date":"2009-11-16T17:03:20","date_gmt":"2009-11-16T15:03:20","guid":{"rendered":"http:\/\/www.maison-rhenanie-palatinat.org\/?page_id=759"},"modified":"2017-09-28T15:45:29","modified_gmt":"2017-09-28T13:45:29","slug":"centre-dexamens","status":"publish","type":"page","link":"https:\/\/www.maison-rhenanie-palatinat.org\/demos\/apprendre-lallemand\/centre-dexamens\/","title":{"rendered":"Centre d&rsquo;examens"},"content":{"rendered":"<p><!--:fr--><strong>Pour mesurer vos acquis linguistiques et \u00e9tablir votre passeport de mobilit\u00e9<br \/>\n<\/strong><\/p>\n<p><span style=\"color: #800000;\"><strong>Attention<\/strong><\/span> : <em>nouveaux tarifs \u00e0 partir de septembre 2017<\/em>.<\/p>\n<ul>\n<li><strong>A1 \/<\/strong> <a href=\"http:\/\/www.goethe.de\/lrn\/prj\/pba\/bes\/sd1\/frindex.htm\" target=\"_blank\" rel=\"noopener noreferrer\">Goethe-Zertifikat A1 &#8211; Start Deutsch 1<\/a> : Niveau d\u00e9butant \/ 95\u20ac<\/li>\n<li><strong>A2 \/ <\/strong><a href=\"http:\/\/www.goethe.de\/lrn\/prj\/pba\/bes\/sd2\/frindex.htm\" target=\"_blank\" rel=\"noopener noreferrer\">Goethe-Zertifikat A2 &#8211; Start Deutsch 2<\/a> : Niveau d\u00e9butant avanc\u00e9 \/ 110\u20ac<\/li>\n<li><strong>B1 \/ <\/strong><a href=\"http:\/\/www.goethe.de\/lrn\/prj\/pba\/bes\/gzb\/frindex.htm\" target=\"_blank\" rel=\"noopener noreferrer\">Goethe-Zertifikat B1<\/a> : Niveau seuil \/ les 4 modules : 150\u20ac &#8211; 1 module : 45\u20ac<\/li>\n<li><strong>B2 \/ <\/strong><a href=\"http:\/\/www.goethe.de\/lrn\/prj\/pba\/bes\/gb2\/frindex.htm\" target=\"_blank\" rel=\"noopener noreferrer\">Goethe-Zertifikat B2<\/a> : Niveau avanc\u00e9 \/ 160\u20ac<\/li>\n<li><strong>C1 \/ <\/strong><a href=\"http:\/\/www.goethe.de\/lrn\/prj\/pba\/bes\/gc1\/frindex.htm\" target=\"_blank\" rel=\"noopener noreferrer\">Goethe-Zertifikat C1<\/a> : Niveau autonomie \/ 180\u20ac<\/li>\n<li><a href=\"https:\/\/www.goethe.de\/ins\/fr\/de\/sta\/par\/prf\/bul.html\" target=\"_blank\" rel=\"noopener noreferrer\">Goethe-Test PRO<\/a> : Deutsch f\u00fcr den Beruf \/ 65\u20ac<\/li>\n<li><span style=\"color: #000000;\"><a href=\"http:\/\/www.francoallemand.com\/fr\/nos-prestations\/formations-et-seminaires\/test-widaf\/\" target=\"_blank\" rel=\"noopener noreferrer\">WiDaF<\/a><\/span> (Chambre franco-allemande de Commerce et d&rsquo;Industrie) : Test d&rsquo;\u00e9valuation de votre niveau d&rsquo;allemand \u00e9conomique et commercial \/ 60\u20ac<\/li>\n<li><a href=\"http:\/\/www.testdaf.de\/teilnehmer\/tn-vorbereitung.php\" target=\"_blank\" rel=\"noopener noreferrer\">TestDaF<\/a> : Niveau B2-C2, dipl\u00f4me permettant aux \u00e9tudiants de poursuivre leurs \u00e9tudes universitaires en Allemagne \/ 175\u20ac<\/li>\n<\/ul>\n<table cellspacing=\"20px\">\n<tbody>\n<tr>\n<td><a href=\"http:\/\/www.maison-rhenanie-palatinat.org\/wp-content\/uploads\/2009\/11\/GI_Pruefungszentrum_green_sRGB.jpg\"><img loading=\"lazy\" decoding=\"async\" class=\"wp-image-9898 alignnone\" src=\"http:\/\/www.maison-rhenanie-palatinat.org\/wp-content\/uploads\/2009\/11\/GI_Pruefungszentrum_green_sRGB.jpg\" alt=\"\" width=\"109\" height=\"80\" srcset=\"https:\/\/www.maison-rhenanie-palatinat.org\/demos\/wp-content\/uploads\/2009\/11\/GI_Pruefungszentrum_green_sRGB.jpg 661w, https:\/\/www.maison-rhenanie-palatinat.org\/demos\/wp-content\/uploads\/2009\/11\/GI_Pruefungszentrum_green_sRGB-300x220.jpg 300w\" sizes=\"(max-width: 109px) 100vw, 109px\" \/><\/a><\/td>\n<td><a href=\"http:\/\/www.maison-rhenanie-palatinat.org\/wp-content\/uploads\/2009\/11\/gi_gtp_205.jpg\"><img loading=\"lazy\" decoding=\"async\" class=\"wp-image-9895 aligncenter\" src=\"http:\/\/www.maison-rhenanie-palatinat.org\/wp-content\/uploads\/2009\/11\/gi_gtp_205.jpg\" alt=\"\" width=\"80\" height=\"80\" srcset=\"https:\/\/www.maison-rhenanie-palatinat.org\/demos\/wp-content\/uploads\/2009\/11\/gi_gtp_205.jpg 205w, https:\/\/www.maison-rhenanie-palatinat.org\/demos\/wp-content\/uploads\/2009\/11\/gi_gtp_205-150x150.jpg 150w\" sizes=\"(max-width: 80px) 100vw, 80px\" \/><\/a><\/td>\n<td><a href=\"http:\/\/www.maison-rhenanie-palatinat.org\/wp-content\/uploads\/2009\/11\/Testdaf_.png\"><img loading=\"lazy\" decoding=\"async\" class=\"wp-image-9896 size-full aligncenter\" src=\"http:\/\/www.maison-rhenanie-palatinat.org\/wp-content\/uploads\/2009\/11\/Testdaf_.png\" alt=\"\" width=\"259\" height=\"50\" \/><\/a><\/td>\n<\/tr>\n<\/tbody>\n<\/table>\n<p>&nbsp;<\/p>\n<p>Ces tarifs sont valables pour les candidats externes, nos \u00e9l\u00e8ves pouvant b\u00e9n\u00e9ficier de tarifs pr\u00e9f\u00e9rentiels pour les examens du Goethe-Institut.<\/p>\n<p><span style=\"text-decoration: underline;\"><strong>Prochaines sessions :<\/strong><\/span><\/p>\n<ul>\n<li><strong>Mercredi 6 d\u00e9cembre 2017<\/strong> : Examen du <strong>Goethe-Institut B1, B2 et C1<\/strong> (inscription aupr\u00e8s d&rsquo;Ursula Hurson : <a href=\"mailto:hurson@maison-rhenanie-palatinat.org\" target=\"_blank\" rel=\"noopener noreferrer\">hurson@maison-rhenanie-palatinat.org<\/a>)<\/li>\n<\/ul>\n<p>Pour les examens du <strong>Goethe-Institut A2 et B1<\/strong> veuillez vous renseigner aupr\u00e8s d&rsquo;Ursula Hurson : <a href=\"mailto:hurson@maison-rhenanie-palatinat.org\" target=\"_blank\" rel=\"noopener noreferrer\">hurson@maison-rhenanie-palatinat.org<\/a>.<\/p>\n<p><span style=\"text-decoration: underline;\">Important<\/span> : Gr\u00e2ce au partenariat avec le <strong>Conseil r\u00e9gional de Bourgogne-Franche-Comt\u00e9<\/strong>, les jeunes Bourguignons (lyc\u00e9ens, \u00e9tudiants et demandeurs d&#8217;emploi) b\u00e9n\u00e9ficient d&rsquo;une <strong>remise directe de 50 \u20ac sur les tarifs des examens<\/strong>.<\/p>\n<p><a href=\"http:\/\/www.maison-rhenanie-palatinat.org\/wp-content\/uploads\/2009\/11\/Logo-regionCMJN.jpg\"><img loading=\"lazy\" decoding=\"async\" class=\"alignnone wp-image-8489\" src=\"http:\/\/www.maison-rhenanie-palatinat.org\/wp-content\/uploads\/2009\/11\/Logo-regionCMJN.jpg\" alt=\"logo-regioncmjn\" width=\"190\" height=\"150\" srcset=\"https:\/\/www.maison-rhenanie-palatinat.org\/demos\/wp-content\/uploads\/2009\/11\/Logo-regionCMJN.jpg 652w, https:\/\/www.maison-rhenanie-palatinat.org\/demos\/wp-content\/uploads\/2009\/11\/Logo-regionCMJN-300x237.jpg 300w\" sizes=\"(max-width: 190px) 100vw, 190px\" \/><\/a><\/p>\n<p><strong>Contactez Ursula Hurson par mail pour vous renseigner sur les modalit\u00e9s d&rsquo;inscription aux examens.<\/strong><\/p>\n","protected":false},"excerpt":{"rendered":"<p>Pour mesurer vos acquis linguistiques et \u00e9tablir votre passeport de mobilit\u00e9 Attention : nouveaux tarifs \u00e0 partir de septembre 2017. A1 \/ Goethe-Zertifikat A1 &#8211; Start Deutsch 1 : Niveau d\u00e9butant \/ 95\u20ac A2 \/ Goethe-Zertifikat A2 &#8211; Start Deutsch 2 : Niveau d\u00e9butant avanc\u00e9 \/ 110\u20ac B1 \/ Goethe-Zertifikat B1 : Niveau seuil \/&#8230;<\/p>\n","protected":false},"author":1,"featured_media":0,"parent":671,"menu_order":5,"comment_status":"closed","ping_status":"closed","template":"","meta":{"_acf_changed":false,"_piecal_is_event":false,"_piecal_start_date":"","_piecal_end_date":"","_piecal_is_allday":false,"_uag_custom_page_level_css":"","_kad_blocks_custom_css":"","_kad_blocks_head_custom_js":"","_kad_blocks_body_custom_js":"","_kad_blocks_footer_custom_js":"","_kadence_starter_templates_imported_post":false,"_kad_post_transparent":"","_kad_post_title":"","_kad_post_layout":"","_kad_post_sidebar_id":"","_kad_post_content_style":"","_kad_post_vertical_padding":"","_kad_post_feature":"","_kad_post_feature_position":"","_kad_post_header":false,"_kad_post_footer":false,"footnotes":""},"acf":[],"taxonomy_info":[],"featured_image_src_large":false,"author_info":{"display_name":"admin","author_link":"https:\/\/www.maison-rhenanie-palatinat.org\/demos\/author\/admin\/"},"comment_info":0,"uagb_featured_image_src":{"full":false,"thumbnail":false,"medium":false,"medium_large":false,"large":false,"1536x1536":false,"2048x2048":false},"uagb_author_info":{"display_name":"admin","author_link":"https:\/\/www.maison-rhenanie-palatinat.org\/demos\/author\/admin\/"},"uagb_comment_info":0,"uagb_excerpt":"Pour mesurer vos acquis linguistiques et \u00e9tablir votre passeport de mobilit\u00e9 Attention : nouveaux tarifs \u00e0 partir de septembre 2017. A1 \/ Goethe-Zertifikat A1 &#8211; Start Deutsch 1 : Niveau d\u00e9butant \/ 95\u20ac A2 \/ Goethe-Zertifikat A2 &#8211; Start Deutsch 2 : Niveau d\u00e9butant avanc\u00e9 \/ 110\u20ac B1 \/ Goethe-Zertifikat B1 : Niveau seuil \/...","_links":{"self":[{"href":"https:\/\/www.maison-rhenanie-palatinat.org\/demos\/wp-json\/wp\/v2\/pages\/759"}],"collection":[{"href":"https:\/\/www.maison-rhenanie-palatinat.org\/demos\/wp-json\/wp\/v2\/pages"}],"about":[{"href":"https:\/\/www.maison-rhenanie-palatinat.org\/demos\/wp-json\/wp\/v2\/types\/page"}],"author":[{"embeddable":true,"href":"https:\/\/www.maison-rhenanie-palatinat.org\/demos\/wp-json\/wp\/v2\/users\/1"}],"replies":[{"embeddable":true,"href":"https:\/\/www.maison-rhenanie-palatinat.org\/demos\/wp-json\/wp\/v2\/comments?post=759"}],"version-history":[{"count":35,"href":"https:\/\/www.maison-rhenanie-palatinat.org\/demos\/wp-json\/wp\/v2\/pages\/759\/revisions"}],"predecessor-version":[{"id":10105,"href":"https:\/\/www.maison-rhenanie-palatinat.org\/demos\/wp-json\/wp\/v2\/pages\/759\/revisions\/10105"}],"up":[{"embeddable":true,"href":"https:\/\/www.maison-rhenanie-palatinat.org\/demos\/wp-json\/wp\/v2\/pages\/671"}],"wp:attachment":[{"href":"https:\/\/www.maison-rhenanie-palatinat.org\/demos\/wp-json\/wp\/v2\/media?parent=759"}],"curies":[{"name":"wp","href":"https:\/\/api.w.org\/{rel}","templated":true}]}}