{"id":814,"date":"2009-11-17T14:41:58","date_gmt":"2009-11-17T12:41:58","guid":{"rendered":"http:\/\/www.maison-rhenanie-palatinat.org\/?page_id=814"},"modified":"2022-11-03T12:04:49","modified_gmt":"2022-11-03T10:04:49","slug":"stage-en-allemagne","status":"publish","type":"page","link":"https:\/\/www.maison-rhenanie-palatinat.org\/demos\/stages-et-mobilite\/stage-en-allemagne\/","title":{"rendered":"Stage en Allemagne"},"content":{"rendered":"<p><!--:fr--><strong>Votre stage en entreprise en Allemagne&#8230;<br \/>\n&#8230;effectuez-le en Rh\u00e9nanie-Palatinat<\/strong><\/p>\n<p>Le Bureau des Stages \u00e0 Dijon aide les jeunes Bourguignons, de 18 et 30 ans, \u00e0 trouver un stage en entreprise en Rh\u00e9nanie-Palatinat.<\/p>\n<ul>\n<li>Les stages ne sont g\u00e9n\u00e9ralement pas r\u00e9mun\u00e9r\u00e9s.<\/li>\n<li>La dur\u00e9e des stages est variable, entre un et trois mois en moyenne.<\/li>\n<li>Un stage peut \u00eatre effectu\u00e9 dans divers secteurs : entreprises, banques, cabinets d&rsquo;avocats, th\u00e9\u00e2tres, mus\u00e9es, administration publique (Ville de Mayence, Office de tourisme)&#8230;<\/li>\n<\/ul>\n<p><strong>Un stage peut<\/strong><\/p>\n<ul>\n<li>vous ouvrir les portes \u00e0 la vie professionnelle<\/li>\n<li>vous donner une premi\u00e8re exp\u00e9rience<\/li>\n<li>cr\u00e9er des contacts avec les entreprises et autres institutions<\/li>\n<li>am\u00e9liorer vos comp\u00e9tences linguistiques<\/li>\n<\/ul>\n<p><strong>Vous pouvez<\/strong><\/p>\n<div>\n<ul>\n<li>appliquer vos connaissances th\u00e9oriques<\/li>\n<li>d\u00e9couvrir une autre culture<\/li>\n<li>prendre de nouvelles responsabilit\u00e9s<\/li>\n<li>d\u00e9velopper vos aptitudes personnelles<\/li>\n<\/ul>\n<p>Cela vous int\u00e9resse ? Regardez le t\u00e9moignage d&rsquo;une jeune bourguignonne partie en stage en Rh\u00e9nanie-Palatinat, en cliquant <a href=\"http:\/\/www.region-bourgogne.fr\/?o=videotheque&amp;c=780&amp;videotheque_docid=9641#a_videos\" target=\"_blank\">ici<\/a><\/p>\n<\/div>\n","protected":false},"excerpt":{"rendered":"<p>Votre stage en entreprise en Allemagne&#8230; &#8230;effectuez-le en Rh\u00e9nanie-Palatinat Le Bureau des Stages \u00e0 Dijon aide les jeunes Bourguignons, de 18 et 30 ans, \u00e0 trouver un stage en entreprise en Rh\u00e9nanie-Palatinat. Les stages ne sont g\u00e9n\u00e9ralement pas r\u00e9mun\u00e9r\u00e9s. La dur\u00e9e des stages est variable, entre un et trois mois en moyenne. Un stage peut&#8230;<\/p>\n","protected":false},"author":1,"featured_media":0,"parent":785,"menu_order":1,"comment_status":"closed","ping_status":"closed","template":"","meta":{"_acf_changed":false,"_piecal_is_event":false,"_piecal_start_date":"","_piecal_end_date":"","_piecal_is_allday":false,"_uag_custom_page_level_css":"","_kad_blocks_custom_css":"","_kad_blocks_head_custom_js":"","_kad_blocks_body_custom_js":"","_kad_blocks_footer_custom_js":"","_kadence_starter_templates_imported_post":false,"_kad_post_transparent":"","_kad_post_title":"","_kad_post_layout":"","_kad_post_sidebar_id":"","_kad_post_content_style":"","_kad_post_vertical_padding":"","_kad_post_feature":"","_kad_post_feature_position":"","_kad_post_header":false,"_kad_post_footer":false,"footnotes":""},"acf":[],"taxonomy_info":[],"featured_image_src_large":false,"author_info":{"display_name":"admin","author_link":"https:\/\/www.maison-rhenanie-palatinat.org\/demos\/author\/admin\/"},"comment_info":0,"uagb_featured_image_src":{"full":false,"thumbnail":false,"medium":false,"medium_large":false,"large":false,"1536x1536":false,"2048x2048":false},"uagb_author_info":{"display_name":"admin","author_link":"https:\/\/www.maison-rhenanie-palatinat.org\/demos\/author\/admin\/"},"uagb_comment_info":0,"uagb_excerpt":"Votre stage en entreprise en Allemagne&#8230; &#8230;effectuez-le en Rh\u00e9nanie-Palatinat Le Bureau des Stages \u00e0 Dijon aide les jeunes Bourguignons, de 18 et 30 ans, \u00e0 trouver un stage en entreprise en Rh\u00e9nanie-Palatinat. Les stages ne sont g\u00e9n\u00e9ralement pas r\u00e9mun\u00e9r\u00e9s. La dur\u00e9e des stages est variable, entre un et trois mois en moyenne. Un stage peut...","_links":{"self":[{"href":"https:\/\/www.maison-rhenanie-palatinat.org\/demos\/wp-json\/wp\/v2\/pages\/814"}],"collection":[{"href":"https:\/\/www.maison-rhenanie-palatinat.org\/demos\/wp-json\/wp\/v2\/pages"}],"about":[{"href":"https:\/\/www.maison-rhenanie-palatinat.org\/demos\/wp-json\/wp\/v2\/types\/page"}],"author":[{"embeddable":true,"href":"https:\/\/www.maison-rhenanie-palatinat.org\/demos\/wp-json\/wp\/v2\/users\/1"}],"replies":[{"embeddable":true,"href":"https:\/\/www.maison-rhenanie-palatinat.org\/demos\/wp-json\/wp\/v2\/comments?post=814"}],"version-history":[{"count":8,"href":"https:\/\/www.maison-rhenanie-palatinat.org\/demos\/wp-json\/wp\/v2\/pages\/814\/revisions"}],"predecessor-version":[{"id":26081,"href":"https:\/\/www.maison-rhenanie-palatinat.org\/demos\/wp-json\/wp\/v2\/pages\/814\/revisions\/26081"}],"up":[{"embeddable":true,"href":"https:\/\/www.maison-rhenanie-palatinat.org\/demos\/wp-json\/wp\/v2\/pages\/785"}],"wp:attachment":[{"href":"https:\/\/www.maison-rhenanie-palatinat.org\/demos\/wp-json\/wp\/v2\/media?parent=814"}],"curies":[{"name":"wp","href":"https:\/\/api.w.org\/{rel}","templated":true}]}}