{"id":825,"date":"2009-11-17T15:26:27","date_gmt":"2009-11-17T13:26:27","guid":{"rendered":"http:\/\/www.maison-rhenanie-palatinat.org\/?page_id=825"},"modified":"2022-11-05T17:04:38","modified_gmt":"2022-11-05T15:04:38","slug":"comment-postuler","status":"publish","type":"page","link":"https:\/\/www.maison-rhenanie-palatinat.org\/demos\/stages-et-mobilite\/comment-postuler\/","title":{"rendered":"Comment postuler"},"content":{"rendered":"<p><!--:fr--><strong>C&rsquo;est simple<\/strong><\/p>\n<ul>\n<li>T\u00e9l\u00e9chargez la fiche d&rsquo;inscription (<a href=\"http:\/\/www.maison-rhenanie-palatinat.org\/wp-content\/uploads\/2017\/03\/stage_fiche-dinscription.pdf\" target=\"_blank\">pdf<\/a>) et les conditions g\u00e9n\u00e9rales (<a href=\"\/wp-content\/uploads\/2017\/03\/stage_conditions-ge\u0301ne\u0301rales.pdf\" target=\"_blank\">pdf<\/a>)<\/li>\n<li>Prenez contact avec le responsable du bureau des stages<\/li>\n<li>Fixez un rendez-vous pour un entretien personnel<\/li>\n<\/ul>\n<p><strong>Pour ce premier entretien, vous devez vous munir :<\/strong><\/p>\n<ul>\n<li>de la fiche d&rsquo;inscription remplie et des conditions g\u00e9n\u00e9rales sign\u00e9es<\/li>\n<li>d\u2019un CV dactylographi\u00e9 r\u00e9dig\u00e9 en allemand avec une photo d\u2019identit\u00e9<\/li>\n<li>d&rsquo;une premi\u00e8re version d&rsquo;une lettre de motivation en allemand<\/li>\n<\/ul>\n<p><strong>Le responsable du bureau des stages vous aide \u00e0 :<\/strong><\/p>\n<ul>\n<li>compl\u00e9ter votre dossier<\/li>\n<li>am\u00e9liorer et corriger votre CV et vos lettres de motivation<\/li>\n<li>\u00e9valuer votre niveau d\u2019allemand (Le centre d\u2019examens de la Maison de Rh\u00e9nanie-Palatinat \u00e9value votre niveau d\u2019allemand selon les crit\u00e8res du cadre de r\u00e9f\u00e9rence europ\u00e9en pour les langues. Ce test est gratuit pour vous. Dans le cas o\u00f9 votre niveau serait en dessous de B1, nous vous proposons des formules de remise \u00e0 niveau pour votre stage en Allemagne)<\/li>\n<\/ul>\n<p><strong>Une fois le dossier \u00e9tabli, il est envoy\u00e9 \u00e0 la Maison de Bourgogne \u00e0 Mayence qui se charge de trouver une place de stage. <\/strong><\/p>\n<p>Si vous le souhaitez, la Maison de Bourgogne \u00e0 Mayence peut vous aider \u00e0 trouver un logement en Rh\u00e9nanie-Palatinat, le loyer \u00e9tant \u00e0 votre charge.<\/p>\n<p><strong>A la fin du stage un rapport de stage d&rsquo;au moins une page doit \u00eatre envoy\u00e9 aux 2 bureaux des stages dans un d\u00e9lai maximum de 2 mois.<br \/>\n<\/strong><\/p>\n<p><strong>Conditions<br \/>\n<\/strong><\/p>\n<ul>\n<li>Le dossier de candidature doit \u00eatre complet <strong>quatre mois avant le d\u00e9but souhait\u00e9 de votre stage.<\/strong> Pr\u00e9sentez-vous donc \u00e0 temps \u00e0 la Maison de Rh\u00e9nanie-Palatinat pour que nous puissions respecter ce d\u00e9lai et nous charger de votre demande. Tout d\u00e9passement du d\u00e9lai r\u00e9duit les chances de trouver une place de stage.<\/li>\n<li>Les <strong>frais d&rsquo;inscription<\/strong> s&rsquo;\u00e9l\u00e8vent \u00e0 <strong>20,00 \u20ac<\/strong> et doivent \u00eatre vers\u00e9s au moment de l&rsquo;ouverture du dossier de candidature.<\/li>\n<li>Une<strong> place de stage confirm\u00e9e vous co\u00fbtera 30,00 \u20ac <\/strong>suppl\u00e9mentaires, d\u00e9pos\u00e9s sous forme de ch\u00e8que lors de l&rsquo;ouverture du dossier de candidature<\/li>\n<li>Un <strong>ch\u00e8que de caution de 30,00 \u20ac<\/strong> est \u00e9galement d\u00e9pos\u00e9 lors de l&rsquo;ouverture du dossier de candidature. Il est susceptible d&rsquo;\u00eatre encaiss\u00e9 dans les cas suivants:<\/li>\n<\/ul>\n<ol>\n<li><strong>Refus<\/strong> de la part du candidat intervenant plus d&rsquo;une semaine apr\u00e8s l&rsquo;envoi des informations relatives \u00e0 la place de stage trouv\u00e9e.<\/li>\n<li><strong>Absence de rapport de stage<\/strong> \u00e9crit dans un d\u00e9lai de 2 mois apr\u00e8s la fin du stage.<\/li>\n<li><strong>Interruption ou abandon<\/strong> du stage sans raison valable.<\/li>\n<\/ol>\n","protected":false},"excerpt":{"rendered":"<p>C&rsquo;est simple T\u00e9l\u00e9chargez la fiche d&rsquo;inscription (pdf) et les conditions g\u00e9n\u00e9rales (pdf) Prenez contact avec le responsable du bureau des stages Fixez un rendez-vous pour un entretien personnel Pour ce premier entretien, vous devez vous munir : de la fiche d&rsquo;inscription remplie et des conditions g\u00e9n\u00e9rales sign\u00e9es d\u2019un CV dactylographi\u00e9 r\u00e9dig\u00e9 en allemand avec une&#8230;<\/p>\n","protected":false},"author":1,"featured_media":0,"parent":785,"menu_order":2,"comment_status":"closed","ping_status":"closed","template":"page-no-sidebar.php","meta":{"_acf_changed":false,"_piecal_is_event":false,"_piecal_start_date":"","_piecal_end_date":"","_piecal_is_allday":false,"_uag_custom_page_level_css":"","_kad_blocks_custom_css":"","_kad_blocks_head_custom_js":"","_kad_blocks_body_custom_js":"","_kad_blocks_footer_custom_js":"","_kadence_starter_templates_imported_post":false,"_kad_post_transparent":"","_kad_post_title":"","_kad_post_layout":"","_kad_post_sidebar_id":"","_kad_post_content_style":"","_kad_post_vertical_padding":"","_kad_post_feature":"","_kad_post_feature_position":"","_kad_post_header":false,"_kad_post_footer":false,"footnotes":""},"acf":[],"taxonomy_info":[],"featured_image_src_large":false,"author_info":{"display_name":"admin","author_link":"https:\/\/www.maison-rhenanie-palatinat.org\/demos\/author\/admin\/"},"comment_info":0,"uagb_featured_image_src":{"full":false,"thumbnail":false,"medium":false,"medium_large":false,"large":false,"1536x1536":false,"2048x2048":false},"uagb_author_info":{"display_name":"admin","author_link":"https:\/\/www.maison-rhenanie-palatinat.org\/demos\/author\/admin\/"},"uagb_comment_info":0,"uagb_excerpt":"C&rsquo;est simple T\u00e9l\u00e9chargez la fiche d&rsquo;inscription (pdf) et les conditions g\u00e9n\u00e9rales (pdf) Prenez contact avec le responsable du bureau des stages Fixez un rendez-vous pour un entretien personnel Pour ce premier entretien, vous devez vous munir : de la fiche d&rsquo;inscription remplie et des conditions g\u00e9n\u00e9rales sign\u00e9es d\u2019un CV dactylographi\u00e9 r\u00e9dig\u00e9 en allemand avec une...","_links":{"self":[{"href":"https:\/\/www.maison-rhenanie-palatinat.org\/demos\/wp-json\/wp\/v2\/pages\/825"}],"collection":[{"href":"https:\/\/www.maison-rhenanie-palatinat.org\/demos\/wp-json\/wp\/v2\/pages"}],"about":[{"href":"https:\/\/www.maison-rhenanie-palatinat.org\/demos\/wp-json\/wp\/v2\/types\/page"}],"author":[{"embeddable":true,"href":"https:\/\/www.maison-rhenanie-palatinat.org\/demos\/wp-json\/wp\/v2\/users\/1"}],"replies":[{"embeddable":true,"href":"https:\/\/www.maison-rhenanie-palatinat.org\/demos\/wp-json\/wp\/v2\/comments?post=825"}],"version-history":[{"count":14,"href":"https:\/\/www.maison-rhenanie-palatinat.org\/demos\/wp-json\/wp\/v2\/pages\/825\/revisions"}],"predecessor-version":[{"id":9391,"href":"https:\/\/www.maison-rhenanie-palatinat.org\/demos\/wp-json\/wp\/v2\/pages\/825\/revisions\/9391"}],"up":[{"embeddable":true,"href":"https:\/\/www.maison-rhenanie-palatinat.org\/demos\/wp-json\/wp\/v2\/pages\/785"}],"wp:attachment":[{"href":"https:\/\/www.maison-rhenanie-palatinat.org\/demos\/wp-json\/wp\/v2\/media?parent=825"}],"curies":[{"name":"wp","href":"https:\/\/api.w.org\/{rel}","templated":true}]}}